of k and y.
17
Let s be (-24)/(-14) - 2/(-7). Let f = s + 0. Suppose 0*y - y + 45 = z, 0 = 3*y + f*z - 132. What is the greatest common divisor of y and 7?
7
Let a be (-3*(-15)/9)/1. Suppose 2*y - a*y = -27. What is the greatest common factor of y and 18?
9
Let i be (-4)/5*30/(-4). Let v = 14 - 8. Calculate the greatest common factor of i and v.
6
Suppose 0 = j - 4*j + 2*y + 172, 4*j - 236 = y. What is the greatest common factor of 45 and j?
15
Suppose 3*k = -3*b + 75, 3*k + 64 + 29 = 4*b. Let o be (-56)/(-10) + (-2)/(-5). Calculate the highest common factor of b and o.
6
Let x(y) be the first derivative of y**3/3 - y**2/2 + y + 4. Let k be x(1). What is the highest common factor of 9 and k?
1
Suppose -5*k + 6 + 14 = 2*p, 4*p + 5*k - 50 = 0. Suppose 289 = 5*c + 64. What is the highest common divisor of c and p?
15
Suppose 0 = -5*r - q + 253, -3*r - 5*q + 184 = 19. What is the highest common factor of r and 150?
50
Let r be (1 + 0)/((-3)/(-6)). Let m be (-172)/(-14) - r/7. What is the greatest common divisor of 36 and m?
12
Let c = -4 + 6. Let q = c - -8. Let t = 45 + -25. What is the highest common divisor of q and t?
10
Suppose 5*g = g + 452. Suppose -5*o + g = 4*l, -5*l + 2*o + 106 = -l. What is the greatest common factor of l and 3?
3
Let x(y) = y**3 + 11*y**2 - 6. Let p be x(-11). Let r = 12 + p. Calculate the highest common factor of r and 42.
6
Suppose 0 = -p + 2*p - 2. Suppose z - 12 = p. Let m = 15 - 8. What is the highest common divisor of z and m?
7
Let q(s) = 13 + 12 + 38*s - 37*s. Let m be q(-17). Calculate the highest common divisor of 1 and m.
1
Let c(x) = 14*x - 9. Let t be c(6). Let z = 316 - 301. What is the greatest common divisor of t and z?
15
Let s be 0 + -4 + (-140)/(-1). Calculate the greatest common divisor of s and 17.
17
Let b be ((-4)/(-12))/((-1)/(-99)). Let m = -10 - -21. Calculate the greatest common factor of b and m.
11
Let b(t) = -t**3 - 5*t - 3. Let s be b(-3). Calculate the highest common divisor of 13 and s.
13
Suppose 0*g - 33 = -3*g. Let y = 42 + -20. What is the greatest common factor of y and g?
11
Let x be 0/1 - (-13 - 5). Let c = x + -8. What is the greatest common factor of 20 and c?
10
Let v be (-1 - 0)/((-2)/30). Let h be (-334)/(-12) + (-3)/(-18). Let y be h + 3/((-6)/(-4)). Calculate the highest common divisor of v and y.
15
Suppose -4*x - 2 = -o - 17, 9 = -3*o. What is the highest common divisor of 24 and x?
3
Let l = 27 - 12. Calculate the greatest common factor of 45 and l.
15
Let q = 335 - 191. What is the highest common factor of q and 96?
48
Let b(h) = 2*h**3 + h - 2. Let q = -2 - -4. Let y be b(q). What is the highest common divisor of 176 and y?
16
Suppose 0 = 2*n - 5*n + 567. Suppose n = -3*k + 4*k. Calculate the greatest common divisor of k and 21.
21
Let o = -21 - -37. Let d(t) = t**3 - 4*t**2 + t + 4. Let v be d(4). What is the greatest common divisor of v and o?
8
Let z(j) be the first derivative of 32*j**3/3 - j**2 - 2*j - 3. Let a be z(-1). Calculate the highest common divisor of 4 and a.
4
Let k(l) = l**2 + 8*l - 4. Let n be k(-9). Suppose n*g = 255 + 95. What is the greatest common factor of g and 14?
14
Suppose -3*f + 27 + 3 = -2*b, 0 = -f + 3*b + 10. Let c(i) = 2*i. Let w be c(5). What is the highest common divisor of f and w?
10
Let i(o) = -9*o**3 + 7*o + 5. Let w(a) = 3*a**3 - 2*a - 2. Let x(h) = 2*i(h) + 7*w(h). Let r be x(3). What is the greatest common divisor of r and 7?
7
Suppose -54*r - 66 = -57*r. What is the greatest common factor of 55 and r?
11
Let g be (2 + -1)/(7/245). Calculate the greatest common factor of 7 and g.
7
Suppose 6*t = 2*t + 4*b + 56, -2 = t - 5*b. What is the highest common divisor of t and 2?
2
Let x(u) = -32*u**3 - u**2 - 2*u - 1. Let y be x(-1). Calculate the highest common divisor of 16 and y.
16
Suppose 4*o - 19 = 1. Let m be 493/o + (-8)/(-20). Let u be (-1)/(-2) + 105/10. What is the highest common factor of m and u?
11
Let h be (-532)/(-6) - (-5 - 34/(-6)). Let t = -4 + 12. Calculate the greatest common factor of t and h.
8
Suppose -c = -2*c + 60. Calculate the greatest common divisor of c and 15.
15
Let z(l) = l**2 - 2*l - 1. Let k be z(4). Let p = k + 2. Suppose -4*w - 21 = -93. Calculate the highest common divisor of p and w.
9
Suppose -r + 115 = 4*r - 3*g, -5 = g. Let i be (-3)/5 - (-432)/r. What is the greatest common factor of i and 231?
21
Let j(b) = b**3 - 7*b**2 + 4*b - 4. Let g be j(8). Calculate the highest common factor of 69 and g.
23
Suppose u - 247 = -5*h - u, -3*u + 101 = 2*h. What is the highest common divisor of h and 392?
49
Let n be 2*-4*2/(-4). Suppose 0 = n*s - 51 - 61. What is the greatest common divisor of s and 14?
14
Let j be 7844/111 + 1*(-2)/3. What is the highest common divisor of 7 and j?
7
Suppose -5*d + 5 = 0, -3*l - d + 174 = 38. Suppose 16*t = 21*t - l. What is the greatest common divisor of t and 6?
3
Let o = 0 + 1. Suppose -q + 7 = 2*c, 2*c - 10 = -4*q - 0*q. Let s be (4/(-3))/(c/(-9)). What is the highest common divisor of o and s?
1
Suppose -2*l + 111 + 205 = 0. Suppose -l = 3*i + 4*p, 0 = -4*i + p - 6*p - 211. Let b = 124 + i. Calculate the greatest common divisor of b and 7.
7
Suppose 3*n - 260 = 5*d, d - 137 - 179 = -4*n. What is the greatest common factor of n and 30?
10
Let d(f) = 3*f**2 + 3*f. Let l be d(-3). What is the highest common factor of 9 and l?
9
Suppose -3*t + 4*t + 331 = 3*x, 0 = -3*x + 4*t + 334. Let z be (-4)/(-2)*(-9)/(-6). Let v be z - 4 - (-10 - 1). What is the greatest common factor of x and v?
10
Let o(n) = 2*n**2 + 17*n + 36. Let r be o(-13). Let g(i) = 2*i**2 - 1. Let x be g(3). Calculate the highest common factor of x and r.
17
Let c(b) = -3*b**3 - 8*b**2 - 5*b - 2. Let n be c(-5). What is the greatest common divisor of 22 and n?
22
Let d(y) = -6*y - 6. Let t = 9 - 16. Let l be d(t). Calculate the highest common factor of l and 54.
18
Let k = 67 - 40. Suppose 3*c - 92 = 70. Calculate the highest common divisor of k and c.
27
Suppose 3*t - t = -r + 6, 3*t - 6 = -3*r. Calculate the highest common factor of t and 44.
4
Let g = 54 - 38. What is the highest common divisor of 16 and g?
16
Let n be 1/3 - (-17)/3. Suppose 2*l - 7 = 4*l + 3*c, 2*c = -3*l - 18. Let m = 26 + l. Calculate the highest common factor of m and n.
6
Let o be 27/2 - 2/(-4). Let f be 2/(6/(-39))*1. Let a = f + 27. Calculate the greatest common divisor of o and a.
14
Suppose 5*h + 21 = -3*n + 5*n, 4*h + 27 = 5*n. Suppose s - 76 = -n*s - 3*l, 2*s - 12 = 5*l. What is the greatest common factor of s and 112?
16
Let z(o) = o**2 - 9*o - 13. Let y be z(9). Let s = y + 18. Calculate the highest common divisor of s and 15.
5
Let s = -1 + 3. Let r be (1 + -2 + s)*-1. Let v(w) = -80*w. Let l be v(r). What is the greatest common factor of l and 8?
8
Suppose 1 + 3 = 2*v. Suppose -l = -v*l - s + 6, -5*l + s = -24. Suppose -l*f + 2*f = -147. What is the highest common factor of f and 7?
7
Let k be (-531)/(-18) - 1/(-2). Calculate the highest common divisor of 270 and k.
30
Suppose -3*d + 47 = 23. Calculate the greatest common factor of d and 88.
8
Let l = 15 + 5. Suppose -3*n + p = -8 - 17, 4*n + p = 45. What is the greatest common factor of n and l?
10
Let j(g) = g**2 - 1. Let p be j(3). What is the greatest common divisor of 56 and p?
8
Let d(s) = -s**2 - 9*s - 1. Let m = 0 + -7. Let a be d(m). Suppose -t + 3 = 2*h + 2*t, -5*h = 2*t - a. What is the greatest common divisor of 21 and h?
3
Let r be 152 + -1 + (-10 - -13). What is the highest common factor of 14 and r?
14
Let k(l) = -l**3 - 13*l**2 - 13*l - 9. Let d be k(-12). Let w be -80*(d - 2)*-1. Let j = 39 + -23. Calculate the highest common factor of w and j.
16
Let f(y) = y**3 + 9*y**2 - 2*y - 14. Let t be f(-9). Calculate the greatest common divisor of 32 and t.
4
Let s(z) = -2*z + 2 - 2 - 2. Let c = 4 - 6. Let i be s(c). Calculate the highest common divisor of i and 22.
2
Let h(j) = -8*j**3 - 5*j**2 - 4*j - 1. Let w be h(-3). Suppose 0 = -3*f + 202 + w. Let b = -23 - -39. What is the greatest common factor of f and b?
16
Let t = -18 - -194. Calculate the greatest common divisor of t and 16.
16
Suppose -2*u + 4*x - 20 = 0, 0 = 3*u + x - 3*x + 10. Suppose -6*k + 11*k - 700 = u. What is the highest common divisor of 14 and k?
14
Let g be ((-25)/4)/(-5)*-76. Let m be 